{"id":202,"date":"2022-12-25T17:03:25","date_gmt":"2022-12-25T17:03:25","guid":{"rendered":"https:\/\/gelleri.de\/?page_id=202"},"modified":"2023-01-22T16:20:28","modified_gmt":"2023-01-22T16:20:28","slug":"komlossy","status":"publish","type":"page","link":"https:\/\/gelleri.de\/?page_id=202","title":{"rendered":"Koml\u00f3ssy"},"content":{"rendered":"\n<div class=\"is-layout-flex wp-container-6 wp-block-columns\">\n<div class=\"is-layout-flow wp-block-column\">\n<div class=\"is-layout-flex wp-container-3 wp-block-columns\">\n<div class=\"is-layout-flow wp-block-column\">\n<p><a href=\"https:\/\/gelleri.de\/\" data-type=\"URL\" data-id=\"https:\/\/gelleri.de\/\">Home<\/a><\/p>\n<\/div>\n\n\n\n<div class=\"is-layout-flow wp-block-column\">\n<p><a href=\"http:\/\/komlossy.hu\/index.php?op=sze&amp;id=511\" data-type=\"URL\" data-id=\"http:\/\/komlossy.hu\/index.php?op=sze&amp;id=511\" target=\"_blank\" rel=\"noreferrer noopener\">Koml\u00f3ssy Anta<\/a>l<\/p>\n<\/div>\n<\/div>\n<\/div>\n\n\n\n<div class=\"is-layout-flow wp-block-column\"><\/div>\n<\/div>\n\n\n\n<p><strong>Koml\u00f3ssy Antal<\/strong> (1817-1888) in Nagyv\u00e1rad war der Ur-Urgro\u00dfvater von Emil Gelleri. Seine Tochter <strong>Koml\u00f3ssy Piroska<\/strong> (16.01.1881-27.10.1887, geboren in Nagyv\u00e1rad), die Urgro\u00dfmutter und <strong>D\u00fas Piroska<\/strong> (1884-1930, Debrecen) die Gro\u00dfmutter.<\/p>\n\n\n\n<div class=\"is-layout-flex wp-container-12 wp-block-columns\">\n<div class=\"is-layout-flow wp-block-column\">\n<div class=\"is-layout-flex wp-container-9 wp-block-columns\">\n<div class=\"is-layout-flow wp-block-column\">\n<figure class=\"wp-block-image size-large\"><img decoding=\"async\" loading=\"lazy\" width=\"1024\" height=\"681\" src=\"https:\/\/gelleri.de\/wp-content\/uploads\/2023\/01\/ko-0912e-4-Initialen-Gravur-1024x681.jpg\" alt=\"\" class=\"wp-image-234\" srcset=\"https:\/\/gelleri.de\/wp-content\/uploads\/2023\/01\/ko-0912e-4-Initialen-Gravur-1024x681.jpg 1024w, https:\/\/gelleri.de\/wp-content\/uploads\/2023\/01\/ko-0912e-4-Initialen-Gravur-300x200.jpg 300w, https:\/\/gelleri.de\/wp-content\/uploads\/2023\/01\/ko-0912e-4-Initialen-Gravur-768x511.jpg 768w, https:\/\/gelleri.de\/wp-content\/uploads\/2023\/01\/ko-0912e-4-Initialen-Gravur-1536x1022.jpg 1536w, https:\/\/gelleri.de\/wp-content\/uploads\/2023\/01\/ko-0912e-4-Initialen-Gravur-2048x1363.jpg 2048w\" sizes=\"(max-width: 1024px) 100vw, 1024px\" \/><\/figure>\n<\/div>\n\n\n\n<div class=\"is-layout-flow wp-block-column\">\n<figure class=\"wp-block-image size-large\"><img decoding=\"async\" loading=\"lazy\" width=\"1024\" height=\"681\" src=\"https:\/\/gelleri.de\/wp-content\/uploads\/2023\/01\/ko-0912e-2-Essbesteck-1024x681.jpg\" alt=\"\" class=\"wp-image-235\" srcset=\"https:\/\/gelleri.de\/wp-content\/uploads\/2023\/01\/ko-0912e-2-Essbesteck-1024x681.jpg 1024w, https:\/\/gelleri.de\/wp-content\/uploads\/2023\/01\/ko-0912e-2-Essbesteck-300x200.jpg 300w, https:\/\/gelleri.de\/wp-content\/uploads\/2023\/01\/ko-0912e-2-Essbesteck-768x511.jpg 768w, https:\/\/gelleri.de\/wp-content\/uploads\/2023\/01\/ko-0912e-2-Essbesteck-1536x1022.jpg 1536w, https:\/\/gelleri.de\/wp-content\/uploads\/2023\/01\/ko-0912e-2-Essbesteck-2048x1363.jpg 2048w\" sizes=\"(max-width: 1024px) 100vw, 1024px\" \/><\/figure>\n<\/div>\n<\/div>\n<\/div>\n\n\n\n<div class=\"is-layout-flow wp-block-column\">\n<p>Silberbesteck der Familie Koml\u00f3ssy urspr\u00fcnglich wahrscheinlich von unserem Vorfahren Koml\u00f3ssy Istv\u00e1n (1755-1804)<\/p>\n<\/div>\n<\/div>\n\n\n\n<div class=\"is-layout-flex wp-container-14 wp-block-columns\">\n<div class=\"is-layout-flow wp-block-column\">\n<p>Die Familie Koml\u00f3ssy hat in Nagyv\u00e1rad gelebt, stammte aber aus der Gegend von Irschawa\/Dowhe. Koml\u00f3ssy Antal war Rechtsanwalt und hatte ein Haus in der Korona utca 2 sowie ein Gut in Ny\u00fcved. Dr. Nov\u00e1k \u00c1gnes hat mir erz\u00e4hlt, dass ihre Oma (D\u00fas Ilonka) \u00f6fter mit einem Viersp\u00e4nner von Nagyv\u00e1rad nach Ny\u00fcved gefahren sind.<\/p>\n\n\n\n<p>Die Familiengeschichte ist auch im Buch &#8222;Magyarorsz\u00e1g Csal\u00e1dai&#8220; von Nagy Iv\u00e1n beschrieben.<\/p>\n\n\n\n<figure class=\"wp-block-image size-full\"><img decoding=\"async\" loading=\"lazy\" width=\"875\" height=\"682\" src=\"https:\/\/gelleri.de\/wp-content\/uploads\/2023\/01\/ko-230115-Komlossy-Ahntafel.jpg\" alt=\"\" class=\"wp-image-244\" srcset=\"https:\/\/gelleri.de\/wp-content\/uploads\/2023\/01\/ko-230115-Komlossy-Ahntafel.jpg 875w, https:\/\/gelleri.de\/wp-content\/uploads\/2023\/01\/ko-230115-Komlossy-Ahntafel-300x234.jpg 300w, https:\/\/gelleri.de\/wp-content\/uploads\/2023\/01\/ko-230115-Komlossy-Ahntafel-768x599.jpg 768w\" sizes=\"(max-width: 875px) 100vw, 875px\" \/><\/figure>\n\n\n\n<p>Koml\u00f3ssy Piroska wohnte mit ihrem Mann D\u00fas L\u00e1szl\u00f3 in der V\u00e1rosliget utca 1 (heute Andrei Murasau) an der Ecke zur Berthel-Strasse. Dieses Haus hat nach dem Tod von dem Rechtsanwalt D\u00fas L\u00e1szl\u00f3 im Jahre 1917, (Ende des ersten Weltkrieges),  meine Oma Piroska geerbt, sie kaufte daf\u00fcr damals eine Kuh damit die Kinder Milch bekamen.<\/p>\n\n\n\n<p>Eine tragische Rolle in der Famile spielte <strong>Koml\u00f3ssy Gy\u00f6rgy<\/strong> 25.11.1848-10.07.1887, der bei einem Duell gefallen ist. Er war der einzige Sohn von Koml\u00f3ssy Antal, ansonsten hatte er noch drei T\u00f6chter. Das Gut ist ohne m\u00e4nnliche Erben zerfallen. Gy\u00f6rgy hat wegen einer politischen Wahl mit jemanden von der Gegenpartei gestritten und deshalb duelliert. Sein Vater hat ihn gebeten von dem Duell zu lassen, aber er hat nicht auf ihn geh\u00f6rt und so die ganze Familie Koml\u00f3ssy in tiefe Trauer gest\u00fcrzt. Das Duell ist von dem mit uns verwandten Schriftsteller <strong>Zilahi Lajos<\/strong> in dem Kapitel &#8222;Sz\u00e9p Ap\u00e1m&#8220; beschrieben.<\/p>\n\n\n\n<p>Koml\u00f3ssy Piroska starb am 27.10.1887 kurz nach Gy\u00f6rgy, <strong>Jedlicska Anna<\/strong> ist bereits 1882 verstorben und Antal 1888, damit war dies ein sehr trauriges Jahrzehnt f\u00fcr die Familie. <\/p>\n\n\n\n<p>Die Schwester von meiner Oma Piroska war D\u00fas Ilonka, die Gro\u00dfmutter von Dr. Nov\u00e1k \u00c1gnes. <\/p>\n<\/div>\n<\/div>\n\n\n\n<p><\/p>\n\n\n\n<p>ha<\/p>\n\n\n\n<figure class=\"wp-block-image size-large\"><a href=\"https:\/\/gelleri.de\/wp-content\/uploads\/2023\/01\/ko-bx22ta-1888-Komlossy-Antal.png\"><img decoding=\"async\" loading=\"lazy\" width=\"1024\" height=\"803\" src=\"https:\/\/gelleri.de\/wp-content\/uploads\/2023\/01\/ko-bx22ta-1888-Komlossy-Antal-1024x803.png\" alt=\"\" class=\"wp-image-279\" srcset=\"https:\/\/gelleri.de\/wp-content\/uploads\/2023\/01\/ko-bx22ta-1888-Komlossy-Antal-1024x803.png 1024w, https:\/\/gelleri.de\/wp-content\/uploads\/2023\/01\/ko-bx22ta-1888-Komlossy-Antal-300x235.png 300w, https:\/\/gelleri.de\/wp-content\/uploads\/2023\/01\/ko-bx22ta-1888-Komlossy-Antal-768x602.png 768w, https:\/\/gelleri.de\/wp-content\/uploads\/2023\/01\/ko-bx22ta-1888-Komlossy-Antal.png 1126w\" sizes=\"(max-width: 1024px) 100vw, 1024px\" \/><\/a><\/figure>\n\n\n\n<p>ba<\/p>\n","protected":false},"excerpt":{"rendered":"<p>Home Koml\u00f3ssy Antal Koml\u00f3ssy Antal (1817-1888) in Nagyv\u00e1rad war der Ur-Urgro\u00dfvater von Emil Gelleri. Seine Tochter Koml\u00f3ssy Piroska (16.01.1881-27.10.1887, geboren in Nagyv\u00e1rad), die Urgro\u00dfmutter und D\u00fas Piroska (1884-1930, Debrecen) die Gro\u00dfmutter. Silberbesteck der Familie Koml\u00f3ssy urspr\u00fcnglich wahrscheinlich von unserem Vorfahren Koml\u00f3ssy Istv\u00e1n (1755-1804) Die Familie Koml\u00f3ssy hat in Nagyv\u00e1rad gelebt, stammte aber aus der Gegend [&hellip;]<\/p>\n","protected":false},"author":1,"featured_media":0,"parent":0,"menu_order":0,"comment_status":"closed","ping_status":"closed","template":"","meta":[],"_links":{"self":[{"href":"https:\/\/gelleri.de\/index.php?rest_route=\/wp\/v2\/pages\/202"}],"collection":[{"href":"https:\/\/gelleri.de\/index.php?rest_route=\/wp\/v2\/pages"}],"about":[{"href":"https:\/\/gelleri.de\/index.php?rest_route=\/wp\/v2\/types\/page"}],"author":[{"embeddable":true,"href":"https:\/\/gelleri.de\/index.php?rest_route=\/wp\/v2\/users\/1"}],"replies":[{"embeddable":true,"href":"https:\/\/gelleri.de\/index.php?rest_route=%2Fwp%2Fv2%2Fcomments&post=202"}],"version-history":[{"count":14,"href":"https:\/\/gelleri.de\/index.php?rest_route=\/wp\/v2\/pages\/202\/revisions"}],"predecessor-version":[{"id":302,"href":"https:\/\/gelleri.de\/index.php?rest_route=\/wp\/v2\/pages\/202\/revisions\/302"}],"wp:attachment":[{"href":"https:\/\/gelleri.de\/index.php?rest_route=%2Fwp%2Fv2%2Fmedia&parent=202"}],"curies":[{"name":"wp","href":"https:\/\/api.w.org\/{rel}","templated":true}]}}